n divisor of 250 and 490.
10
Calculate the highest common factor of 2 and 3.
1
Calculate the greatest common divisor of 608 and 95.
19
Calculate the greatest common factor of 121 and 2541.
121
Calculate the greatest common divisor of 22 and 66.
22
What is the highest common factor of 2 and 14532?
2
Calculate the highest common factor of 14 and 861.
7
Calculate the highest common factor of 2 and 1486.
2
What is the greatest common divisor of 102 and 12?
6
What is the greatest common factor of 496 and 28?
4
Calculate the greatest common factor of 432 and 180.
36
What is the greatest common factor of 1276 and 4872?
116
What is the highest common factor of 273 and 377?
13
Calculate the highest common divisor of 7 and 48713.
7
Calculate the greatest common divisor of 13054 and 122.
122
What is the highest common factor of 2349 and 405?
81
Calculate the greatest common divisor of 104 and 16.
8
Calculate the highest common factor of 10 and 1135.
5
Calculate the greatest common divisor of 1458 and 6.
6
What is the highest common divisor of 20 and 410?
10
Calculate the greatest common divisor of 291 and 3.
3
Calculate the highest common divisor of 65 and 20.
5
Calculate the greatest common factor of 203 and 551.
29
What is the greatest common divisor of 39 and 52?
13
Calculate the greatest common factor of 16 and 92.
4
What is the greatest common factor of 1763 and 43?
43
What is the greatest common factor of 27 and 7371?
27
What is the greatest common divisor of 22 and 1034?
22
Calculate the highest common divisor of 100 and 120.
20
What is the greatest common divisor of 321 and 535?
107
Calculate the highest common factor of 20 and 28.
4
Calculate the greatest common divisor of 4 and 2.
2
Calculate the highest common divisor of 24200 and 55.
55
Calculate the greatest common factor of 24 and 1.
1
What is the greatest common factor of 28 and 64?
4
What is the highest common factor of 2170 and 1054?
62
Calculate the highest common divisor of 20530 and 10.
10
Calculate the greatest common factor of 483 and 224.
7
What is the highest common divisor of 28 and 1708?
28
Calculate the greatest common factor of 1978 and 172.
86
What is the greatest common factor of 960 and 60?
60
Calculate the highest common divisor of 9 and 60.
3
What is the highest common divisor of 533 and 41?
41
What is the greatest common divisor of 24 and 26088?
24
Calculate the highest common divisor of 1740 and 30.
30
What is the greatest common divisor of 18 and 176004?
18
What is the highest common factor of 44 and 242?
22
What is the highest common divisor of 189 and 7?
7
Calculate the greatest common divisor of 26 and 404.
2
Calculate the highest common divisor of 1704 and 16.
8
What is the highest common factor of 26 and 24362?
26
What is the greatest common divisor of 44 and 5203?
11
Calculate the highest common factor of 4 and 8.
4
What is the greatest common factor of 6105 and 74?
37
Calculate the highest common divisor of 6 and 24.
6
What is the highest common factor of 115 and 23?
23
What is the greatest common divisor of 255 and 748?
17
Calculate the greatest common divisor of 104 and 64.
8
What is the greatest common factor of 8023 and 142?
71
Calculate the highest common factor of 130 and 78.
26
What is the highest common divisor of 13 and 2366?
13
Calculate the highest common factor of 1968 and 2706.
246
Calculate the greatest common factor of 99080 and 20.
20
What is the greatest common factor of 64 and 18112?
64
Calculate the highest common factor of 4 and 674.
2
Calculate the highest common divisor of 116 and 522.
58
Calculate the greatest common factor of 10 and 1730.
10
Calculate the highest common factor of 123 and 426.
3
Calculate the highest common factor of 150 and 975.
75
Calculate the greatest common divisor of 9659 and 39.
13
What is the highest common divisor of 260 and 9230?
130
Calculate the greatest common factor of 87 and 580.
29
Calculate the greatest common divisor of 52 and 299.
13
What is the greatest common divisor of 52 and 51012?
52
What is the greatest common divisor of 352 and 198?
22
Calculate the highest common factor of 3582 and 90.
18
Calculate the highest common divisor of 17 and 17.
17
What is the highest common divisor of 25 and 1225?
25
Calculate the highest common divisor of 1300 and 25.
25
What is the greatest common factor of 111 and 3293?
37
Calculate the greatest common factor of 14 and 18.
2
Calculate the highest common divisor of 20 and 508.
4
Calculate the greatest common factor of 3 and 631.
1
What is the highest common divisor of 192 and 3600?
48
Calculate the greatest common divisor of 4319 and 7.
7
Calculate the greatest common divisor of 11381 and 95.
19
What is the greatest common divisor of 10 and 90?
10
Calculate the greatest common factor of 378 and 450.
18
Calculate the greatest common divisor of 7 and 350.
7
What is the highest common divisor of 70 and 1855?
35
Calculate the greatest common divisor of 51 and 136.
17
What is the highest common factor of 3586 and 652?
326
Calculate the greatest common divisor of 1175 and 47.
47
Calculate the highest common factor of 28 and 56.
28
Calculate the highest common factor of 126 and 315.
63
Calculate the highest common factor of 154 and 1232.
154
Calculate the greatest common divisor of 1480 and 148.
148
What is the greatest common factor of 73108 and 392?
196
What is the greatest common divisor of 4 and 1042?
2
Calculate the highest common factor of 825 and 150.
75
What is the greatest common factor of 3689 and 119?
119
What is the highest common divisor of 57 and 27?
3
What is the highest common divisor of 132 and 66?
66
What is the highest common factor of 186 and 6?
6
What is the highest common factor of 9380 and 280?
140
What is the greatest common divisor of 30 and 190?
10
Calculate the highest common factor of 555 and 10767.
111
What is the highest common divisor of 9 and 768?
3
Calculate the highest common factor of 86 and 86.
86
What is the greatest common divisor of 442 and 34?
34
What is the highest common factor of 165 and 480?
15
What is the highest common factor of 30 and 6?
6
What is the greatest common divisor of 442 and 238?
34
What is the highest common divisor of 15 and 95?
5
What is the highest common factor of 48 and 408?
24
Calculate the highest common divisor of 441 and 216.
9
Calculate the highest common divisor of 34 and 833.
17
What is the greatest common factor of 46616 and 16?
8
Calculate the greatest common divisor of 306 and 18.
18
Calculate the highest common factor of 180 and 125.
5
Calculate the highest common factor of 17 and 2074.
17
What is the greatest common factor of 8262 and 324?
162
Calculate the highest common factor of 649 and 11.
11
Calculate the greatest common factor of 1633 and 213.
71
What is the greatest common divisor of 7743 and 348?
87
What is the greatest common divisor of 26 and 2119?
13
What is the highest common divisor of 28 and 68?
4
Calculate the highest common factor of 208 and 80.
16
What is the highest common factor of 416 and 364?
52
Calculate the greatest common divisor of 18 and 78.
6
Calculate the highest common divisor of 189 and 6300.
63
Calculate the greatest common factor of 13 and 9113.
13
What is the greatest common divisor of 11 and 55?
11
Calculate the greatest common factor of 81 and 134.
1
What is the greatest common factor of 95 and 7600?
95
Calculate the highest common factor of 112 and 196.
28
Calculate the highest common divisor of 140 and 540.
20
Calculate the greatest common divisor of 46 and 253.
23
What is the highest common divisor of 97 and 1261?
97
Calculate the greatest common divisor of 532 and 380.
76
What is the highest common factor of 22 and 1034?
22
Calculate the highest common divisor of 279 and 387.
9
What is the greatest common factor of 2151 and 36?
9
What is the greatest common factor of 416 and 64?
32
What is the highest common divisor of 14 and 35?
7
What is the highest common divisor of 20 and 980?
20
Calculate the highest common divisor of 464 and 16.
16
What is the greatest common divisor of 742 and 826?
14
Calculate the greatest common divisor of 305 and 7198.
61
Calculate the greatest common factor of 165 and 525.
15
Calculate the greatest common factor of 32 and 16144.